he remainder when 5283 is divided by 1756.
15
Calculate the remainder when 182963 is divided by 30.
23
Calculate the remainder when 1135 is divided by 333.
136
What is the remainder when 14866 is divided by 80?
66
What is the remainder when 46990 is divided by 116?
10
Calculate the remainder when 4250 is divided by 303.
8
Calculate the remainder when 25195 is divided by 6297.
7
What is the remainder when 12527 is divided by 801?
512
Calculate the remainder when 74467 is divided by 449.
382
Calculate the remainder when 13512 is divided by 208.
200
What is the remainder when 13364 is divided by 243?
242
Calculate the remainder when 9677 is divided by 38.
25
What is the remainder when 2414 is divided by 642?
488
What is the remainder when 1995 is divided by 283?
14
What is the remainder when 2030 is divided by 1914?
116
Calculate the remainder when 12119 is divided by 1510.
39
What is the remainder when 1113337 is divided by 3774?
7
What is the remainder when 17796 is divided by 8891?
14
What is the remainder when 339733 is divided by 2980?
13
Calculate the remainder when 1834 is divided by 24.
10
What is the remainder when 12616 is divided by 343?
268
What is the remainder when 29070 is divided by 240?
30
Calculate the remainder when 739 is divided by 41.
1
What is the remainder when 3604 is divided by 332?
284
What is the remainder when 15345 is divided by 7660?
25
Calculate the remainder when 11539 is divided by 4.
3
What is the remainder when 1741 is divided by 176?
157
What is the remainder when 7246 is divided by 903?
22
What is the remainder when 5021 is divided by 383?
42
What is the remainder when 25217 is divided by 65?
62
What is the remainder when 24461 is divided by 419?
159
What is the remainder when 48826 is divided by 187?
19
What is the remainder when 1954 is divided by 135?
64
Calculate the remainder when 5497 is divided by 141.
139
What is the remainder when 24713 is divided by 2245?
18
Calculate the remainder when 20730 is divided by 2958.
24
Calculate the remainder when 16953 is divided by 312.
105
Calculate the remainder when 709930 is divided by 402.
400
Calculate the remainder when 2307 is divided by 137.
115
Calculate the remainder when 12090 is divided by 96.
90
Calculate the remainder when 90828 is divided by 30259.
51
Calculate the remainder when 7833 is divided by 3912.
9
Calculate the remainder when 311 is divided by 247.
64
Calculate the remainder when 27402 is divided by 1299.
123
What is the remainder when 47687 is divided by 592?
327
Calculate the remainder when 23569 is divided by 327.
25
What is the remainder when 2229 is divided by 622?
363
What is the remainder when 22658 is divided by 12?
2
What is the remainder when 733749 is divided by 10?
9
Calculate the remainder when 1616 is divided by 930.
686
What is the remainder when 11693 is divided by 83?
73
Calculate the remainder when 1435223 is divided by 13.
10
What is the remainder when 25570 is divided by 244?
194
Calculate the remainder when 997 is divided by 318.
43
What is the remainder when 283194 is divided by 161?
156
Calculate the remainder when 3836 is divided by 244.
176
What is the remainder when 10288 is divided by 1282?
32
Calculate the remainder when 25631 is divided by 3658.
25
Calculate the remainder when 29851 is divided by 14895.
61
Calculate the remainder when 13525 is divided by 4496.
37
What is the remainder when 2443 is divided by 1177?
89
What is the remainder when 226250 is divided by 230?
160
Calculate the remainder when 470 is divided by 33.
8
What is the remainder when 98944 is divided by 207?
205
Calculate the remainder when 76400 is divided by 174.
14
Calculate the remainder when 150943 is divided by 106.
105
What is the remainder when 2045 is divided by 38?
31
What is the remainder when 17778 is divided by 8856?
66
Calculate the remainder when 11104 is divided by 110.
104
What is the remainder when 23518 is divided by 11714?
90
Calculate the remainder when 2277775 is divided by 232.
231
What is the remainder when 1795 is divided by 1717?
78
Calculate the remainder when 18305 is divided by 1622.
463
Calculate the remainder when 31071 is divided by 60.
51
Calculate the remainder when 2018 is divided by 1291.
727
What is the remainder when 3400 is divided by 1969?
1431
What is the remainder when 8660 is divided by 57?
53
What is the remainder when 52825 is divided by 52816?
9
What is the remainder when 1694 is divided by 191?
166
Calculate the remainder when 6652 is divided by 69.
28
What is the remainder when 23395 is divided by 12?
7
Calculate the remainder when 78343 is divided by 453.
427
What is the remainder when 380029 is divided by 126669?
22
Calculate the remainder when 110446 is divided by 234.
232
Calculate the remainder when 581 is divided by 188.
17
What is the remainder when 22195 is divided by 179?
178
Calculate the remainder when 12703 is divided by 923.
704
Calculate the remainder when 17628 is divided by 23.
10
What is the remainder when 5343 is divided by 1780?
3
Calculate the remainder when 2592 is divided by 1337.
1255
What is the remainder when 4283 is divided by 903?
671
What is the remainder when 11071 is divided by 10?
1
What is the remainder when 10056 is divided by 264?
24
Calculate the remainder when 6849 is divided by 79.
55
What is the remainder when 210867 is divided by 22?
19
Calculate the remainder when 15985 is divided by 22.
13
Calculate the remainder when 2291670 is divided by 46.
42
What is the remainder when 9239 is divided by 459?
59
What is the remainder when 25548 is divided by 7?
5
What is the remainder when 6560 is divided by 169?
138
Calculate the remainder when 11258 is divided by 34.
4
What is the remainder when 42677 is divided by 91?
89
What is the remainder when 3311 is divided by 1353?
605
Calculate the remainder when 3367 is divided by 105.
7
Calculate the remainder when 54537 is divided by 180.
177
What is the remainder when 1344 is divided by 643?
58
Calculate the remainder when 16405 is divided by 2342.
11
Calculate the remainder when 6407 is divided by 91.
37
Calculate the remainder when 92511 is divided by 30834.
9
Calculate the remainder when 319675 is divided by 3717.
13
What is the remainder when 2061078 is divided by 573?
570
Calculate the remainder when 1326982 is divided by 890.
882
What is the remainder when 3154551 is divided by 2976?
2967
What is the remainder when 45675 is divided by 24?
3
What is the remainder when 21144 is divided by 605?
574
Calculate the remainder when 13152 is divided by 272.
96
What is the remainder when 6683 is divided by 3264?
155
Calculate the remainder when 537645 is divided by 179209.
18
Calculate the remainder when 7860 is divided by 770.
160
What is the remainder when 6400 is divided by 47?
8
Calculate the remainder when 24823 is divided by 12352.
119
What is the remainder when 19983 is divided by 34?
25
Calculate the remainder when 167970 is divided by 83981.
8
What is the remainder when 24621 is divided by 18?
15
Calculate the remainder when 915 is divided by 822.
93
What is the remainder when 174239 is divided by 39?
26
What is the remainder when 438 is divided by 201?
36
Calculate the remainder when 493 is divided by 269.
224
Calculate the remainder when 300 is divided by 174.
126
What is the remainder when 60243 is divided by 68?
63
Calculate the remainder when 23681 is divided by 276.
221
Calculate the remainder when 3801 is divided by 85.
61
What is the remainder when 3425 is divided by 203?
177
Calculate the remainder when 4626395 is divided by 12.
11
What is the remainder when 41788 is divided by 41776?
12
What is the remainder when 635767 is divided by 158941?
3
What is the remainder when 476 is divided by 49?
35
Calculate the remainder when 2027 is divided by 1242.
785
What is the remainder when 23541 is divided by 112?
21
What is the remainder when 505 is divided by 44?
21
Calculate the remainder when 98641 is divided by 967.
7
What is the remainder when 8985337 is divided by 363?
361
Calculate the remainder when 5283 is divided by 43.
37
Calculate the remainder when 22496 is divided by 183.
170
Calculate the remainder when 4444374 is divided by 17.
13
What is the remainder when 1167 is divided by 238?
215
What is the rem